(j) = -2420*j - 1490724. Give m(-616).
-4
Let x(n) = n**3 + 904*n**2 + 4031*n + 387889. Calculate x(-900).
-11
Let z(n) = -2*n**2 + 121*n - 827. Give z(45).
568
Let f(j) = 336686*j + 673389. Give f(-2).
17
Let x(f) = 7*f**2 + 1006*f + 1722. What is x(-142)?
18
Let s(u) = 2*u**2 - 54*u - 9285. Give s(-56).
11
Let b(y) = y**3 - 87*y**2 - 92*y + 213. Calculate b(88).
-139
Let l(n) = n**3 + 13855*n**2 + 193766*n - 118. Calculate l(-14).
-6
Let h(i) = 20018*i - 180351. What is h(9)?
-189
Let c(b) = -32*b + 3224. Calculate c(129).
-904
Let o(m) = -7*m**2 - 270*m - 2351. Give o(-26).
-63
Let n(u) = -4*u**3 - 20*u**2 + 14*u + 121. Calculate n(-4).
1
Let w(k) = -2757*k - 5477. Calculate w(-2).
37
Let q(c) = -c**3 + 54*c**2 - 6*c - 4738. Determine q(52).
358
Let l(z) = -33075*z + 1124322. Give l(34).
-228
Let z(f) = -4*f + 643. Give z(118).
171
Let s(u) = u**3 - 86*u**2 - 254*u + 21701. What is s(86)?
-143
Let k(c) = 451*c - 211471. What is k(469)?
48
Let o(c) = 459*c**3 - 4137*c**2 - 115*c + 1516. What is o(9)?
-5
Let m(h) = -3*h**2 + 2170*h - 17496. Calculate m(8).
-328
Let d(l) = -33192*l - 132802. Determine d(-4).
-34
Let n(m) = -151*m - 23224. Give n(-154).
30
Let z(j) = j**3 - 127*j**2 + 1061*j - 2252. Determine z(5).
3
Let d(w) = -113*w**2 - 6977*w + 6975. Calculate d(1).
-115
Let w(z) = 151*z**3 - 8153*z**2 - 115*z + 3224. What is w(54)?
-70
Let i(a) = 3*a**2 + 721*a - 20509. Calculate i(-266).
-27
Let b(i) = 306*i**2 + 3988*i + 155. Calculate b(-13).
25
Let m(c) = -c**3 + 138*c**2 + 29*c + 15288. Give m(139).
-2
Let l(n) = n**3 - 31*n**2 - 3960*n + 113234. Determine l(28).
2
Let g(p) = -p**3 - 2657*p**2 - 263061*p + 103. Determine g(-103).
0
Let q(u) = 2*u**3 + 126*u**2 + 241*u - 23. What is q(-61)?
160
Let b(o) = -o**2 + 740*o + 191421. Give b(-203).
-8
Let j(b) = -29*b**2 + 12788*b - 37695. Calculate j(438).
-27
Let o(l) = -9*l**3 + 117*l**2 - 2436*l + 19011. Determine o(9).
3
Let g(u) = -2*u**3 + 46*u - 52. What is g(5)?
-72
Let y(v) = 36*v**2 + 1485*v + 13732. What is y(-14)?
-2
Let d(f) = -2*f**3 - 70*f**2 - 607*f - 613. What is d(-12)?
47
Let j(o) = 5304*o + 15886. Determine j(-3).
-26
Let z(o) = 77*o**2 - 15246*o + 15172. Calculate z(197).
3
Let m(a) = 4*a**3 - 330*a**2 + 174*a + 136. Give m(82).
956
Let c(k) = -9*k**3 - 53*k**2 - 14*k - 32. Calculate c(-2).
-144
Let j(l) = -677*l + 483303. What is j(714)?
-75
Let n(k) = 962776*k + 4813897. Calculate n(-5).
17
Let u(h) = 326*h**2 + 2600*h - 48. Give u(-8).
16
Let b(q) = -q**3 - 132*q**2 - 4021*q + 187. Give b(-47).
1409
Let f(o) = 110*o - 300. Determine f(1).
-190
Let s(u) = -u**3 - 125*u**2 + 12936*u + 1621367. What is s(-123)?
-19
Let n(k) = -4909*k - 269968. What is n(-55)?
27
Let u(q) = q**3 + 51*q**2 + 424*q + 239. Determine u(-41).
-335
Let p(h) = 4*h**2 + 8549*h - 94515. What is p(11)?
8
Let o(v) = -3*v**2 - 2431*v - 24297. Give o(-10).
-287
Let j(c) = 366*c**2 + 4450*c + 1016. Calculate j(-12).
320
Let j(v) = -v**2 - 319*v + 30973. What is j(78)?
7
Let v(s) = 664*s**2 + 682*s - 4. Give v(-1).
-22
Let x(h) = -1003*h - 61888. Give x(-62).
298
Let c(w) = -w**2 + 245*w + 8685. Determine c(-32).
-179
Let n(u) = 3292*u + 46188. Give n(-14).
100
Let i(g) = -35*g**2 + 53*g - 3. Determine i(-7).
-2089
Let p(l) = l**2 - 222*l + 6539. What is p(189)?
302
Let w(h) = -2*h**2 - 295*h - 5019. What is w(-128)?
-27
Let s(q) = -8019*q - 55335. Determine s(-7).
798
Let y(f) = -1225*f - 32872. Calculate y(-27).
203
Let k(n) = n**3 + 30*n**2 + 12*n + 1462. Calculate k(-30).
1102
Let c(t) = 837*t - 49362. What is c(59)?
21
Let c(z) = -200975*z + 602940. What is c(3)?
15
Let v(d) = 2*d**3 + 2097*d**2 + 10471*d + 14. Determine v(-5).
-166
Let j(h) = -4*h**2 - 157*h - 2677. Calculate j(-15).
-1222
Let o(t) = t**2 + 50*t + 592. What is o(-18)?
16
Let c(y) = y**3 - 628*y**2 - 583*y + 366086. Calculate c(628).
-38
Let z(j) = -j**3 - 25*j**2 - 149*j + 27. Give z(-17).
248
Let j(x) = 1336*x + 10147. Give j(-7).
795
Let v(k) = -2*k**3 + 778*k**2 - 18146*k - 19665. Calculate v(364).
-9
Let g(q) = -2533*q - 48087. Give g(-19).
40
Let m(j) = 2*j**2 + 3080*j - 699911. What is m(201)?
-29
Let d(s) = 20468*s - 168. What is d(0)?
-168
Let u(s) = 263784*s - 263792. Give u(1).
-8
Let b(p) = 4611*p + 13844. Calculate b(-3).
11
Let y(i) = 2881*i + 158576. Calculate y(-55).
121
Let z(n) = -462467*n + 6474548. Determine z(14).
10
Let a(d) = 2*d**3 + 39*d**2 - 9*d + 359. Determine a(-20).
139
Let t(a) = 75*a - 1700. Calculate t(10).
-950
Let x(a) = 4*a**3 + 58*a**2 - 235*a - 2996. Determine x(-15).
79
Let i(f) = 20206*f - 383929. Determine i(19).
-15
Let u(o) = o**3 + 9*o**2 - 118*o + 9. What is u(10)?
729
Let o(b) = 11*b**2 - 247*b - 1242. What is o(11)?
-2628
Let r(q) = -10953*q + 54959. Determine r(5).
194
Let n(b) = 8866*b - 931117. What is n(105)?
-187
Let b(n) = 2*n**3 + 2*n**2 - 1519*n - 146. Give b(-28).
50
Let b(j) = 2*j**3 - 170*j**2 - 1538*j - 395. Determine b(-8).
5
Let g(w) = 2517*w - 29469. Determine g(12).
735
Let n(c) = -28*c**3 - 12713*c**2 - 448*c + 2758. What is n(-454)?
34
Let b(q) = -5*q**2 + 174*q + 198. Give b(36).
-18
Let g(t) = -t**3 + 8*t**2 - 7388*t + 66565. Calculate g(9).
-8
Let a(i) = -2*i**2 - 48*i - 751. Determine a(-18).
-535
Let m(d) = 5*d**3 - 1675*d**2 + 183*d - 61304. Determine m(335).
1
Let y(q) = -q**2 + 10516*q + 31533. Give y(-3).
-24
Let z(k) = -3*k**2 - 20009*k - 60008. Calculate z(-3).
-8
Let p(y) = y**3 - 80*y**2 - 715*y + 57193. What is p(80)?
-7
Let w(x) = -1643*x + 589848. Give w(359).
11
Let w(a) = -6319*a - 88379. Give w(-14).
87
Let z(c) = 2*c**3 + 4*c**2 + 27*c - 95. Give z(2).
-9
Let y(o) = o**3 + 95*o**2 + 177*o - 24823. Determine y(-90).
-253
Let a(s) = s**2 - 290891*s + 581786. What is a(2)?
8
Let s(c) = -702*c - 6696. Determine s(-9).
-378
Let d(u) = 6665*u**2 + 826457*u - 360. Determine d(-124).
12
Let l(p) = -2*p**3 - 77*p**2 - 404*p + 54. What is l(-32)?
-330
Let x(w) = 817*w + 458763. Calculate x(-563).
-1208
Let u(q) = 56*q**2 - 3179*q - 758. Determine u(57).
-17
Let o(d) = -d**3 + 8*d**2 - 38683*d + 348227. Give o(9).
-1
Let d(k) = -64*k**2 - 1065*k - 1620. Determine d(-16).
-964
Let l(n) = n**3 - 197*n**2 - 1430*n + 1144. Give l(204).
736
Let o(s) = s**3 - 22*s**2 + 102*s - 2927. Calculate o(23).
-52
Let o(t) = 37*t**2 + 678*t + 240. Calculate o(-18).
24
Let j(h) = -h**3 + 27*h**2 - 4*h + 76. Calculate j(27).
-32
Let h(k) = 95*k**3 - 42749*k**2 - 453*k + 1070. What is h(450)?
-280
Let p(x) = -26*x**3 - 101*x + 296. Determine p(3).
-709
Let k(a) = 2*a**3 + 838*a**2 + 4656*a - 1796. Calculate k(-6).
4
Let y(o) = 1165*o**2 - 21059*o + 1602. Give y(18).
0
Let s(d) = -6*d**2 - 2176*d - 149392. Determine s(-92).
16
Let g(j) = 1403*j - 595. Calculate g(1).
808
Let g(m) = -32322*m + 1002120. Calculate g(31).
138
Let w(k) = -11*k**3 - 571*k**2 + 65*k + 610. Determine w(-52).
-66
Let j(q) = -9*q**2 - 2568*q + 17421. Determine j(-292).
-99
Let j(g) = 6*g**3 - 7*g**2 - 91*g + 168. Give j(2).
6
Let w(b) = b**3 - 16*b**2 - 146*b + 307. Calculate w(22).
-1
Let x(t) = 5*t**3 - 26*t**2 - 35*t + 44. Calculate x(4).
-192
Let s(k) = 21*k**2 + 2*k - 103. Calculate s(4).
241
Let k(s) = -11512*s - 1795872. Determine k(-156).
0
Let i(q) = -1100*q + 4854. What is i(4)?
454
Let g(t) = -8807*t - 281826. Give g(-32).
-2
Let q(c) = 9038*c - 994185. Determine q(110).
-5
Let i(g) = -g**3 + 102*g**2 + 27674*g - 117. Give i(-123).
6
Let l(q) = -153*q**3 - 1216*q**2 + 37*q - 208. Calculate l(-8).
8
Let f(k) = -k**2 - 1064*k + 29481. Calculate f(27).
24
Let k(a) = -74655*a + 1418385. Give k(19).
-60
Let c(b) = 162*b - 4398. Calculate c(29).
300
Let b(f) = 7*f**2 - 155*f + 334. Give b(18).
-188
Let i(w) = 65624*w + 131261. Determine i(-2).
13
Let w(u) = 2*u**3 - 29*u**2 - 169*u - 71. What is w(17)?
-1499
Let z(d) = -d**3 - 22*d**2 + 248*d - 28. Calculate z(8).
36
Let q(l) = -l**2 + 7344*l - 3904549. What is q(577)?
10
Let z(i) = 8655*i + 129184. Give z(-15).
-641
Let m(b) = 15017*b - 316. Determine m(0).
-316
Let f(r) = 3*r**2 + 623*r - 1575. Determine f(-210).
-105
Let j(s) = 3*s**3 + 1148*s**2 - 371*s + 5333. Calculate j(-383).
737
Let i(d) = -d**2 + 982*d - 224197. Calculate i(621).
-16
Let r(z) = -7*z**3 - 7*z**2 + 100*z - 636. What is r(-6)?
24
Let h(y) = 545*y + 21806. What is h(-40)?
